 y.
2, 3
What are the prime factors of (-10767)/(-9) + 2 - 2/(-18)*-12?
3, 7, 19
Let r(w) = w**3 - w**2 - 8*w + 6. Let h be r(3). Suppose h = 71*c - 68*c - 18. Let m(l) = l**2 + l - 18. What are the prime factors of m(c)?
2, 3
Let h(c) = 7*c**2 + 3*c + 28. Let n(v) = -v - 17. Let k be n(-8). What are the prime factors of h(k)?
2, 71
Suppose -4*d + 105 = -4*z + z, 9 = -3*z. Let t = 101 - d. Suppose -b - t + 227 = 0. What are the prime factors of b?
2, 3, 5
Let u(i) = -3*i**3 - 5*i**2 - i + 23146. What are the prime factors of u(0)?
2, 71, 163
Let b(p) = p**2 - 43*p - 237. Let i be b(48). Suppose -i*v - h - 1072 = -4*v, -2*v + 2139 = -h. List the prime factors of v.
11, 97
Let z(w) = 5*w**2 - 2*w + 33. Suppose -6*a + 34 = 4*s - 3*a, 0 = -2*s - 3*a + 14. What are the prime factors of z(s)?
3, 19
Suppose 897 + 741 = 7*f. Suppose -13*a = -6383 - f. What are the prime factors of a?
509
Let x = 227 + 1017. Let i = x - 764. What are the prime factors of i?
2, 3, 5
Suppose -3*u = 4*g - 33, -4*u + 2*u + 30 = 4*g. Suppose g*d = 3*d + 1815. List the prime factors of d.
5, 11
Let n = -4542 - -861. Let u = -2230 - n. List the prime factors of u.
1451
Let w(g) = g - 188. Let y be w(0). Let h = 524 + y. List the prime factors of h.
2, 3, 7
Suppose 3*a = 5*k + 33, 0*k + 2*k + 9 = -3*a. What are the prime factors of k*1074/(-24)*2?
3, 179
Let w = 623 - 621. Suppose 4*u = w*h + u - 3226, -3*u = -4*h + 6458. What are the prime factors of h?
2, 101
Let v(w) = -w**3 + 16*w**2 - 27*w - 7. Let s be v(14). Suppose 9*t - s*t + 70 = 0. Let a = t + 72. List the prime factors of a.
37
Suppose 139 = 2*y - 25. Let t = y + -80. Suppose t*f - 204 = 50. What are the prime factors of f?
127
Let j(u) = u**3 - 3*u**2 - 2. Let x be j(3). Let k(d) = -12*d**3 - 4*d - 68*d**2 - 69*d**2 + 134*d**2 - 5. List the prime factors of k(x).
3, 29
Let u be (-1)/2 + (-699)/(-6). Let i = -1626 - -1604. Let r = i + u. List the prime factors of r.
2, 47
Suppose -c = -4*c. Suppose -l = -3*w + 7 - 78, -4*l - 2*w + 284 = c. Let t = l - 33. What are the prime factors of t?
2, 19
Suppose -102*k + 2911770 = 975912. What are the prime factors of k?
18979
Let x be ((-1)/(-3))/((55/75)/11). Suppose -x*f + 7 = -8. Suppose t + 3*t = -f*a + 160, 2*a = -2*t + 110. List the prime factors of a.
2, 3, 5
Let f(d) = 2*d + 77. Suppose -5*r + 0*i + 36 = -2*i, -2*r = -i - 14. Suppose 2*g + 2*m = 6*g + r, -4 = g - m. What are the prime factors of f(g)?
7, 11
Suppose -o - 5*f + 5417 + 604 = 0, -3*o = 3*f - 18123. Suppose -2*s - 4*z = -3028, z + o = 4*s + 4*z. What are the prime factors of s?
2, 5, 151
Let t(m) = 36*m - 142. Let b be t(37). Let o = -785 + b. What are the prime factors of o?
3, 5
Let d = 15475 - 7380. What are the prime factors of d?
5, 1619
Let z(o) = o**3 - 10*o**2 + 10*o + 4. Let h be (-9)/36 - (-53)/4. List the prime factors of z(h).
641
Let a = 143 + -68. Suppose 3*y = -u + 55, 5*y = y - u + a. List the prime factors of (15/y)/((-4)/(-368)).
3, 23
Let c = 611 + 1690. Suppose 4*g - c = 247. What are the prime factors of g?
7, 13
Let y(m) be the third derivative of 75*m**4/8 - 10*m**3/3 + 94*m**2. What are the prime factors of y(4)?
2, 5, 11
Let p = 21 + 1. Suppose -6*t + 2*t - 154 = -5*f, -f + t = -31. List the prime factors of 36/(p/f + 7/(-21)).
2, 3, 5
Let k(g) = -22*g + 28. Suppose 2*t - 7*t = 20, n + 4*t = -25. Let p be k(n). Suppose 37*b - p = 35*b. List the prime factors of b.
113
Let n(x) = -4*x**2 - x. Let z be n(1). Let i be 0*(z - -4 - 0). Suppose i = -6*t - 81 + 459. What are the prime factors of t?
3, 7
Let d = -109 - -103. Let b(x) = 6*x + 137. List the prime factors of b(d).
101
Let d = -292 + 295. Suppose 4455 = 3*a - d*p, 3*p - 58 = -55. What are the prime factors of a?
2, 743
Suppose -5*d = -41 - 64. Let c = -215 - -239. Let z = d + c. What are the prime factors of z?
3, 5
Let l(r) = -549*r**3 + 2*r**2 + 7*r + 2. Let b(x) = 1098*x**3 - 3*x**2 - 13*x - 5. Let g(q) = -3*b(q) - 5*l(q). List the prime factors of g(-1).
3, 61
Suppose 2*s + 4*o = s + 3, 5*o + 12 = s. Let y(h) = -24*h + 16. Let g(b) = b - 2. Let j(t) = -10*g(t) - y(t). List the prime factors of j(s).
2, 3, 17
Suppose 204763 = 15*l - 79427. What are the prime factors of l?
2, 9473
Let t = 1320 - -585. What are the prime factors of t?
3, 5, 127
Suppose 0 = -2*u + 24 - 20. Suppose 5*n = -4*b + 1024, -u*b - n = -3*b + 265. What are the prime factors of b?
3, 29
Suppose 23055 = l - 4*v, -5*v + 9*v + 69117 = 3*l. What are the prime factors of l?
3, 853
Suppose -124*c - 1370158 + 3706318 = 0. What are the prime factors of c?
2, 3, 5, 157
Let l(k) = k - 45. Let z be l(20). Let w(x) = -x + 60. What are the prime factors of w(z)?
5, 17
Suppose -55 = -47*t + 36*t. Suppose t*o - 1282 = 183. What are the prime factors of o?
293
What are the prime factors of 54/20*-32*10/12*-93?
2, 3, 31
Let g = 264 + -104. Let r = g + 67. What are the prime factors of r?
227
Let f = -65 + 69. Suppose f*r - 168 = 160. Suppose -3*h + r = -59. What are the prime factors of h?
47
Suppose -32*r + 4833 = 27*r - 772. Let z = 12 - -15. Suppose r = k - z. What are the prime factors of k?
2, 61
Let s(t) = -t**2 - 10*t - 18. Let y be s(-7). Suppose 4*b + y*j - 39 = 0, -2*j + 15 = j. Suppose -b*a + 10*a = 752. What are the prime factors of a?
2, 47
Let g(n) = -167*n + 5. Let c be g(3). Let y be c/(-80) - 1/5. What are the prime factors of (4/y + -1)*-237?
79
Let a(c) be the second derivative of c**4/2 + 5*c**3/2 - 51*c**2/2 + 145*c - 1. What are the prime factors of a(12)?
3, 331
What are the prime factors of (216/(-10))/((-198)/85635)?
2, 3, 173
Suppose j - 5 = -0*o + 5*o, 5*o + 15 = 2*j. Suppose -j*v + 888 = -7762. Suppose -2*z - s + 3*s = -428, -4*z + v = 5*s. List the prime factors of z.
5, 43
List the prime factors of (-94)/6*254874/(-214).
47, 397
Let c(r) = -r**3 - 8*r**2 + 15*r + 4. Let w be c(-7). Let o be 1/((-2)/w) + 12/(-3). Suppose 0 = 4*u - 2*u + 2, o = a - 5*u. List the prime factors of a.
2, 3, 11
Suppose -r + 10426 = -w - 1383, 5*w = 30. List the prime factors of r.
5, 17, 139
Let h = 38781 - 21045. What are the prime factors of h?
2, 3, 739
Let z be (-203)/35 + 4/5. Let h be -4 - (2 - (-2 + 4)). What are the prime factors of ((-10)/h)/(z/(-30))?
3, 5
Let b(j) = j**3 + 11*j**2 + 12*j - 3. Let y(g) = -g**2 - 2*g - 1. Let l = 1 - -1. Let v be y(l). List the prime factors of b(v).
3, 17
Suppose 100 = a - 4*g - 563, -10 = -2*g. List the prime factors of a.
683
Let t = -283 + 615. Suppose 4*d + 16 = -t. Let r = d - -168. List the prime factors of r.
3
Let l = 328 - 321. Let r(t) = 24*t - 132. What are the prime factors of r(l)?
2, 3
Let i = -28 + 30. Suppose 0*q - 5*q = -2*v - 169, 3*q = -i*v + 95. Suppose -5*y = -2*k + 310 + q, -3*y + 873 = 5*k. List the prime factors of k.
2, 3, 29
Let y be 4/(-2)*(-14)/28*-101. Suppose -3*t + 5*f - 535 = 0, 5*t - 5*f = -637 - 268. Let d = y - t. List the prime factors of d.
2, 3, 7
Suppose 3*f + 57 - 48 = 0, -2*k + 761 = 3*f. List the prime factors of k.
5, 7, 11
Let t be (-5 - -6)*(-1 - 0 - -5). List the prime factors of -4 + 6 - t - -444.
2, 13, 17
Let t(v) = -15*v**2 + 38*v**2 + 26*v**2 + v. What are the prime factors of t(2)?
2, 3, 11
Let r(y) = 87*y**3 - 3*y**2 + 4*y - 2. Let q be r(1). Suppose 89*f - q*f = 117. List the prime factors of f.
3, 13
Let m(b) = 173*b + 899. List the prime factors of m(7).
2, 5, 211
Let m(d) = -3*d - 13. Let k be m(5). List the prime factors of (-12)/k + (3 - 20772/(-42)).
2, 3, 83
Let v(u) be the first derivative of 14*u**3/3 - 14*u**2 + 4*u - 30. List the prime factors of v(-6).
2, 13
Suppose 4*t + 3*h - 372 = -2*h, 465 = 5*t + 5*h. Let k = t - -253. What are the prime factors of k?
2, 173
Let a be ((-324)/(-66))/(-9)*-11. Suppose 5*w - 668 = 5092. Suppose -6*u + w = a*u. What are the prime factors of u?
2, 3
Suppose 0 = -2*u - 406 + 302. What are the prime factors of 1 + 947 - 4*65/u?
953
Let a = 23 + -16. Let z(s) = 5*s**3 - 2*s**2 + 4*s + 4. Let k(f) = 14*f**3 - 7*f**2 + 13*f + 11. Let b(p) = 4*k(p) - 11*z(p). List the prime factors of b(a).
3, 5, 7
Let y = 65 + -49. Let u(g) = -8*g - 10*g - 3*g**2 + 6*g**2 + y*g + 24. What are the prime factors of u(5)?
89
Let h = 1886 + -849. Suppose 9*n = -8*n - h. Let k = -10 - n. What are the prime factors of k?
3, 17
Let u(r) = 829 +